{"id":174,"date":"2017-11-16T15:01:23","date_gmt":"2017-11-16T15:01:23","guid":{"rendered":"http:\/\/www.psv-unna.de\/wordpress_01\/?page_id=174"},"modified":"2024-01-13T16:04:33","modified_gmt":"2024-01-13T16:04:33","slug":"tanzen-2","status":"publish","type":"page","link":"https:\/\/www.psv-unna.de\/?page_id=174","title":{"rendered":"Tanzen"},"content":{"rendered":"<h4>Abteilungsleitung<\/h4>\n<p>Ingo Heinert<br \/>\nTelefon: 02378 &#8211; 1555<br \/>\nEmail: <a class=\"copyright\" href=\"mailto:tanzen@psv-unna.de\">tanzen@psv-unna.de<\/a><\/p>\n<p>Am 22. September 1988 gr\u00fcndeten Polizeibeamte und andere Tanzbegeisterte die Tanzsportabteilung im Polizeisportverein Unna e.V.. Seit dieser Zeit trainieren die T\u00e4nzerinnen und T\u00e4nzer des PSV-Unna in der Aula des Hellweg Berufskollegs in der Platanenallee 18 in Unna-K\u00f6nigsborn, wobei vom Zeitpunkt der Gr\u00fcndung an immer der Breitensport mit der Freude an t\u00e4nzerischer Bewegung f\u00fcr die Mitgliedspaare im Vordergrund stand.<\/p>\n<p>Seit 1994 erfolgt das Training durch die Profitrainer Tatjana und Frank Menzel und richtet sich sowohl an Anf\u00e4nger und Wiedereinsteiger wie auch an fortgeschrittene T\u00e4nzer. Das Training umfasst die g\u00e4ngigen Standard- und Lateint\u00e4nze.<\/p>\n<p>Trainiert wird immer donnerstags in f\u00fcnf Trainingsgruppen. Diese beginnen zur vollen Stunde zwischen 17:00 und 21:00 Uhr. Es kann jederzeit in die bestehenden Gruppen eingestiegen und bei einem kostenlosen Probetraining in Absprache mit den Trainern das passende Gruppenlevel \/ die passende Trainingszeit gew\u00e4hlt werden.<\/p>\n<p>Neben dem w\u00f6chentlichen tanzsportlichen Training werden wechselnde gesellschaftliche Aktivit\u00e4ten wie Feste, Abnahme des deutschen Tanzsportabzeichens, Tanztees, Besichtigungen oder Wanderungen organisiert.<\/p>\n<p>Weitere Informationen erhalten Sie unter den genannten Kontakten!<\/p>\n","protected":false},"excerpt":{"rendered":"<p>Abteilungsleitung Ingo Heinert Telefon: 02378 &#8211; 1555 Email: tanzen@psv-unna.de Am 22. September 1988 gr\u00fcndeten Polizeibeamte und andere Tanzbegeisterte die Tanzsportabteilung im Polizeisportverein Unna e.V.. Seit dieser Zeit trainieren die T\u00e4nzerinnen und T\u00e4nzer des PSV-Unna in der Aula des Hellweg Berufskollegs in der Platanenallee 18 in Unna-K\u00f6nigsborn, wobei vom Zeitpunkt der Gr\u00fcndung an immer der Breitensport [&hellip;]<\/p>\n","protected":false},"author":1,"featured_media":0,"parent":0,"menu_order":0,"comment_status":"closed","ping_status":"closed","template":"","meta":{"footnotes":""},"class_list":["post-174","page","type-page","status-publish","hentry"],"_links":{"self":[{"href":"https:\/\/www.psv-unna.de\/index.php?rest_route=\/wp\/v2\/pages\/174","targetHints":{"allow":["GET"]}}],"collection":[{"href":"https:\/\/www.psv-unna.de\/index.php?rest_route=\/wp\/v2\/pages"}],"about":[{"href":"https:\/\/www.psv-unna.de\/index.php?rest_route=\/wp\/v2\/types\/page"}],"author":[{"embeddable":true,"href":"https:\/\/www.psv-unna.de\/index.php?rest_route=\/wp\/v2\/users\/1"}],"replies":[{"embeddable":true,"href":"https:\/\/www.psv-unna.de\/index.php?rest_route=%2Fwp%2Fv2%2Fcomments&post=174"}],"version-history":[{"count":11,"href":"https:\/\/www.psv-unna.de\/index.php?rest_route=\/wp\/v2\/pages\/174\/revisions"}],"predecessor-version":[{"id":413,"href":"https:\/\/www.psv-unna.de\/index.php?rest_route=\/wp\/v2\/pages\/174\/revisions\/413"}],"wp:attachment":[{"href":"https:\/\/www.psv-unna.de\/index.php?rest_route=%2Fwp%2Fv2%2Fmedia&parent=174"}],"curies":[{"name":"wp","href":"https:\/\/api.w.org\/{rel}","templated":true}]}}