{"id":14,"date":"2017-11-14T19:06:22","date_gmt":"2017-11-14T19:06:22","guid":{"rendered":"http:\/\/www.psv-unna.de\/wordpress_01\/?page_id=14"},"modified":"2024-01-13T16:00:38","modified_gmt":"2024-01-13T16:00:38","slug":"boxen","status":"publish","type":"page","link":"http:\/\/www.psv-unna.de\/?page_id=14","title":{"rendered":"Boxen"},"content":{"rendered":"<h4>\u00a0Abteilungsleiter \/ Kontakt<\/h4>\n<p>Klaus Krajewski<br \/>\nEmail: <a class=\"copyright\" href=\"mailto:boxen@psv-unna.de\">boxen@psv-unna.de<\/a><br \/>\nTel.: 0173 &#8211; 7227654<\/p>\n<p><span class=\"textabteilungen\">Der Boxsport ist ein Kraft-Ausdauer-Sport, bei dem k\u00f6rperliche Bewegung, Kondition und Koordination gef\u00f6rdert werden. Er ist eine der \u00e4ltesten Wettkampfsportarten der Welt und wurde bei den antiken Olympischen Spielen noch als Faustkampf ausgetragen. Heute ist das moderne Boxen seit \u00fcber 100 Jahren olympische Disziplin.<\/span><\/p>\n<p>Bei uns lernen die Kinder, Jugendlichen und Erwachsenen fair miteinander umzugehen und Respekt vor dem Mitmenschen zu haben. Konkurrenz wird bei uns nur sportlich geduldet. Wir geben ihnen Halt und Unterst\u00fctzung und lassen sie im Wettkampf die Herausforderung suchen und durch sportlichen Erfolg, Selbstbewu\u00dftsein und Selbstvertrauen gewinnen.<\/p>\n<p>Boxen ist auch schon lange nicht mehr nur M\u00e4nnersache. Frauen an den Sands\u00e4cken und im Boxring geh\u00f6ren sebstverst\u00e4ndlich zum Trainingsbild unserer Abteilung dazu.<\/p>\n<p>Weitere Informationen finden Sie auf den Seiten der <a href=\"http:\/\/www.psv-unna-boxabteilung.de\" target=\"blank\" rel=\"noopener\">Abteilung Boxen &#8230;..<\/a><\/p>\n","protected":false},"excerpt":{"rendered":"<p>\u00a0Abteilungsleiter \/ Kontakt Klaus Krajewski Email: boxen@psv-unna.de Tel.: 0173 &#8211; 7227654 Der Boxsport ist ein Kraft-Ausdauer-Sport, bei dem k\u00f6rperliche Bewegung, Kondition und Koordination gef\u00f6rdert werden. Er ist eine der \u00e4ltesten Wettkampfsportarten der Welt und wurde bei den antiken Olympischen Spielen noch als Faustkampf ausgetragen. Heute ist das moderne Boxen seit \u00fcber 100 Jahren olympische Disziplin. [&hellip;]<\/p>\n","protected":false},"author":1,"featured_media":0,"parent":0,"menu_order":0,"comment_status":"closed","ping_status":"closed","template":"","meta":{"footnotes":""},"class_list":["post-14","page","type-page","status-publish","hentry"],"_links":{"self":[{"href":"http:\/\/www.psv-unna.de\/index.php?rest_route=\/wp\/v2\/pages\/14","targetHints":{"allow":["GET"]}}],"collection":[{"href":"http:\/\/www.psv-unna.de\/index.php?rest_route=\/wp\/v2\/pages"}],"about":[{"href":"http:\/\/www.psv-unna.de\/index.php?rest_route=\/wp\/v2\/types\/page"}],"author":[{"embeddable":true,"href":"http:\/\/www.psv-unna.de\/index.php?rest_route=\/wp\/v2\/users\/1"}],"replies":[{"embeddable":true,"href":"http:\/\/www.psv-unna.de\/index.php?rest_route=%2Fwp%2Fv2%2Fcomments&post=14"}],"version-history":[{"count":8,"href":"http:\/\/www.psv-unna.de\/index.php?rest_route=\/wp\/v2\/pages\/14\/revisions"}],"predecessor-version":[{"id":410,"href":"http:\/\/www.psv-unna.de\/index.php?rest_route=\/wp\/v2\/pages\/14\/revisions\/410"}],"wp:attachment":[{"href":"http:\/\/www.psv-unna.de\/index.php?rest_route=%2Fwp%2Fv2%2Fmedia&parent=14"}],"curies":[{"name":"wp","href":"https:\/\/api.w.org\/{rel}","templated":true}]}}